 remainder when 78 is divided by 5.
3
Calculate the remainder when 5123 is divided by 14.
13
What is the remainder when 85 is divided by 8?
5
What is the remainder when 3094 is divided by 6?
4
Calculate the remainder when 136 is divided by 28.
24
Calculate the remainder when 3126 is divided by 17.
15
What is the remainder when 113 is divided by 21?
8
What is the remainder when 157 is divided by 36?
13
What is the remainder when 28889 is divided by 173?
171
Calculate the remainder when 127 is divided by 99.
28
Calculate the remainder when 3023 is divided by 48.
47
Calculate the remainder when 4371 is divided by 9.
6
Calculate the remainder when 1584 is divided by 1581.
3
Calculate the remainder when 12 is divided by 12.
0
What is the remainder when 829 is divided by 32?
29
Calculate the remainder when 697 is divided by 232.
1
Calculate the remainder when 181 is divided by 105.
76
What is the remainder when 5131 is divided by 65?
61
What is the remainder when 212 is divided by 70?
2
What is the remainder when 557 is divided by 16?
13
Calculate the remainder when 99 is divided by 6.
3
What is the remainder when 1347 is divided by 30?
27
What is the remainder when 68 is divided by 13?
3
Calculate the remainder when 115 is divided by 40.
35
What is the remainder when 250 is divided by 51?
46
What is the remainder when 52 is divided by 27?
25
What is the remainder when 645 is divided by 315?
15
Calculate the remainder when 321 is divided by 123.
75
Calculate the remainder when 1117 is divided by 19.
15
What is the remainder when 875 is divided by 55?
50
Calculate the remainder when 554 is divided by 16.
10
What is the remainder when 88 is divided by 32?
24
What is the remainder when 71 is divided by 44?
27
What is the remainder when 108 is divided by 16?
12
What is the remainder when 542 is divided by 50?
42
What is the remainder when 555 is divided by 64?
43
Calculate the remainder when 409 is divided by 383.
26
Calculate the remainder when 2010 is divided by 668.
6
Calculate the remainder when 516 is divided by 3.
0
What is the remainder when 54 is divided by 2?
0
What is the remainder when 529 is divided by 172?
13
What is the remainder when 2821 is divided by 103?
40
What is the remainder when 298 is divided by 18?
10
Calculate the remainder when 125 is divided by 42.
41
Calculate the remainder when 13 is divided by 13.
0
What is the remainder when 671 is divided by 25?
21
Calculate the remainder when 19873 is divided by 125.
123
Calculate the remainder when 61 is divided by 17.
10
What is the remainder when 14036 is divided by 13?
9
Calculate the remainder when 1315 is divided by 19.
4
What is the remainder when 2938 is divided by 173?
170
What is the remainder when 762 is divided by 43?
31
What is the remainder when 311 is divided by 63?
59
Calculate the remainder when 305 is divided by 14.
11
Calculate the remainder when 10789 is divided by 251.
247
Calculate the remainder when 2595 is divided by 69.
42
Calculate the remainder when 87 is divided by 47.
40
What is the remainder when 782 is divided by 135?
107
Calculate the remainder when 660 is divided by 66.
0
What is the remainder when 230 is divided by 57?
2
What is the remainder when 1690 is divided by 79?
31
Calculate the remainder when 14 is divided by 4.
2
What is the remainder when 1030 is divided by 172?
170
What is the remainder when 2164 is divided by 455?
344
Calculate the remainder when 2974 is divided by 17.
16
What is the remainder when 13177 is divided by 22?
21
Calculate the remainder when 519 is divided by 134.
117
What is the remainder when 4710 is divided by 124?
122
Calculate the remainder when 277 is divided by 146.
131
Calculate the remainder when 153 is divided by 35.
13
What is the remainder when 2204 is divided by 43?
11
Calculate the remainder when 76 is divided by 25.
1
Calculate the remainder when 19479 is divided by 40.
39
What is the remainder when 199 is divided by 48?
7
What is the remainder when 344 is divided by 95?
59
Calculate the remainder when 141 is divided by 29.
25
What is the remainder when 2121 is divided by 1048?
25
Calculate the remainder when 643 is divided by 40.
3
What is the remainder when 1111 is divided by 272?
23
Calculate the remainder when 95 is divided by 30.
5
Calculate the remainder when 65 is divided by 60.
5
Calculate the remainder when 1481 is divided by 93.
86
Calculate the remainder when 1606 is divided by 266.
10
Calculate the remainder when 11659 is divided by 54.
49
What is the remainder when 2263 is divided by 62?
31
Calculate the remainder when 94 is divided by 93.
1
What is the remainder when 63 is divided by 11?
8
Calculate the remainder when 669 is divided by 238.
193
Calculate the remainder when 1582 is divided by 359.
146
What is the remainder when 80 is divided by 30?
20
What is the remainder when 815 is divided by 103?
94
Calculate the remainder when 1984 is divided by 28.
24
What is the remainder when 410 is divided by 82?
0
What is the remainder when 643 is divided by 18?
13
What is the remainder when 170 is divided by 9?
8
What is the remainder when 474 is divided by 122?
108
Calculate the remainder when 117 is divided by 27.
9
Calculate the remainder when 5010 is divided by 14.
12
What is the remainder when 1392 is divided by 53?
14
What is the remainder when 53 is divided by 14?
11
Calculate the remainder when 1013 is divided by 33.
23
Calculate the remainder when 327 is divided by 7.
5
Calculate the remainder when 2882 is divided by 107.
100
Calculate the remainder when 437 is divided by 11.
8
Calculate the remainder when 172 is divided by 114.
58
What is the remainder when 2913 is divided by 969?
6
What is the remainder when 92 is divided by 19?
16
What is the remainder when 49 is divided by 25?
24
What is the remainder when 2318 is divided by 58?
56
What is the remainder when 1494 is divided by 265?
169
What is the remainder when 312 is divided by 15?
12
Calculate the remainder when 52434 is divided by 77.
74
Calculate the remainder when 108 is divided by 22.
20
What is the remainder when 2733 is divided by 19?
16
Calculate the remainder when 39 is divided by 10.
9
Calculate the remainder when 217 is divided by 52.
9
Calculate the remainder when 3533 is divided by 62.
61
What is the remainder when 4129 is divided by 414?
403
What is the remainder when 3359 is divided by 99?
92
What is the remainder when 95 is divided by 32?
31
Calculate the remainder when 1647 is divided by 799.
49
Calculate the remainder when 121 is divided by 89.
32
What is the remainder when 638 is divided by 276?
86
What is the remainder when 1652 is divided by 166?
158
Calculate the remainder when 1201 is divided by 239.
6
What is the remainder when 690 is divided by 95?
25
What is the remainder when 607 is divided by 18?
13
What is the remainder when 218 is divided by 57?
47
Calculate the remainder when 22810 is divided by 22.
18
Calculate the remainder when 573 is divided by 24.
21
Calculate the remainder when 212 is divided by 49.
16
What is the remainder when 1266 is divided by 162?
132
Calculate the remainder when 401 is divided by 360.
41
Calculate the remainder when 801 is divided by 29.
18
Calculate the remainder when 10290 is divided by 124.
122
Calculate the remainder when 3703 is divided by 17.
14
What is the remainder when 30 is divided by 10?
0
What is the remainder when 315 is divided by 57?
30
What is the remainder when 373 is divided by 107?
52
Calculate the remainder when 393 is divided by 80.
73
Calculate the remainder when 61 is divided by 1.
0
Calculate the remainder when 154 is divided by 40.
34
What is the remainder when 2909 is divided by 32?
29
What is the remainder when 1951 is divided by 16?
15
Calculate the remainder when 43550 is divided by 119.
115
What is the remainder when 30550 is divided by 152?
150
What is the remainder when 1794 is divided by 358?
4
What is the remainder when 140 is divided by 21?
14
What is the remainder when 234 is divided by 59?
57
Calculate the remainder when 1302 is divided by 101.
90
What is the remainder when 520 is divided by 133?
121
What is the remainder when 907 is divided by 114?
109
What is the remainder when 1024 is divided by 353?
318
What is the remainder when 557 is d